{"id":96,"date":"2021-02-15T12:31:53","date_gmt":"2021-02-15T12:31:53","guid":{"rendered":"https:\/\/oxygiene.pt\/loja\/?post_type=product&#038;p=96"},"modified":"2021-05-28T15:06:25","modified_gmt":"2021-05-28T15:06:25","slug":"alca-de-suspensao-para-pistola-vp91","status":"publish","type":"product","link":"https:\/\/oxygiene.pt\/loja\/product\/alca-de-suspensao-para-pistola-vp91\/","title":{"rendered":"Al\u00e7a de Suspens\u00e3o para Pistola VP91"},"content":{"rendered":"","protected":false},"excerpt":{"rendered":"<p>Al\u00e7a de Suspens\u00e3o para Pistola VP91 para Pistola VP200.<\/p>\n","protected":false},"featured_media":98,"comment_status":"open","ping_status":"closed","template":"","meta":[],"yoast_head":"<!-- This site is optimized with the Yoast SEO plugin v16.1.1 - https:\/\/yoast.com\/wordpress\/plugins\/seo\/ -->\n<title>Al\u00e7a de Suspens\u00e3o para Pistola VP91 - Oxygiene<\/title>\n<link rel=\"canonical\" href=\"https:\/\/oxygiene.pt\/loja\/product\/alca-de-suspensao-para-pistola-vp91\/\" \/>\n<meta property=\"og:locale\" content=\"pt_PT\" \/>\n<meta property=\"og:type\" content=\"article\" \/>\n<meta property=\"og:title\" content=\"Al\u00e7a de Suspens\u00e3o para Pistola VP91 - Oxygiene\" \/>\n<meta property=\"og:description\" content=\"Al\u00e7a de Suspens\u00e3o para Pistola VP91 para Pistola VP200.\" \/>\n<meta property=\"og:url\" content=\"https:\/\/oxygiene.pt\/loja\/product\/alca-de-suspensao-para-pistola-vp91\/\" \/>\n<meta property=\"og:site_name\" content=\"Oxygiene\" \/>\n<meta property=\"article:modified_time\" content=\"2021-05-28T15:06:25+00:00\" \/>\n<meta property=\"og:image\" content=\"https:\/\/oxygiene.pt\/loja\/wp-content\/uploads\/2021\/02\/Alc\u0327a-de-Suspensa\u0303o-para-Pistola-VP91.png\" \/>\n\t<meta property=\"og:image:width\" content=\"1000\" \/>\n\t<meta property=\"og:image:height\" content=\"1000\" \/>\n<meta name=\"twitter:card\" content=\"summary_large_image\" \/>\n<script type=\"application\/ld+json\" class=\"yoast-schema-graph\">{\"@context\":\"https:\/\/schema.org\",\"@graph\":[{\"@type\":\"WebSite\",\"@id\":\"https:\/\/oxygiene.pt\/loja\/#website\",\"url\":\"https:\/\/oxygiene.pt\/loja\/\",\"name\":\"Oxygiene\",\"description\":\"Solu\\u00e7\\u00f5es de desinfe\\u00e7\\u00e3o e limpeza\",\"potentialAction\":[{\"@type\":\"SearchAction\",\"target\":\"https:\/\/oxygiene.pt\/loja\/?s={search_term_string}\",\"query-input\":\"required name=search_term_string\"}],\"inLanguage\":\"pt-PT\"},{\"@type\":\"ImageObject\",\"@id\":\"https:\/\/oxygiene.pt\/loja\/product\/alca-de-suspensao-para-pistola-vp91\/#primaryimage\",\"inLanguage\":\"pt-PT\",\"url\":\"https:\/\/oxygiene.pt\/loja\/wp-content\/uploads\/2021\/02\/Alc\\u0327a-de-Suspensa\\u0303o-para-Pistola-VP91.png\",\"contentUrl\":\"https:\/\/oxygiene.pt\/loja\/wp-content\/uploads\/2021\/02\/Alc\\u0327a-de-Suspensa\\u0303o-para-Pistola-VP91.png\",\"width\":1000,\"height\":1000,\"caption\":\"Alc\\u0327a de Suspensa\\u0303o para Pistola VP91\"},{\"@type\":\"WebPage\",\"@id\":\"https:\/\/oxygiene.pt\/loja\/product\/alca-de-suspensao-para-pistola-vp91\/#webpage\",\"url\":\"https:\/\/oxygiene.pt\/loja\/product\/alca-de-suspensao-para-pistola-vp91\/\",\"name\":\"Al\\u00e7a de Suspens\\u00e3o para Pistola VP91 - Oxygiene\",\"isPartOf\":{\"@id\":\"https:\/\/oxygiene.pt\/loja\/#website\"},\"primaryImageOfPage\":{\"@id\":\"https:\/\/oxygiene.pt\/loja\/product\/alca-de-suspensao-para-pistola-vp91\/#primaryimage\"},\"datePublished\":\"2021-02-15T12:31:53+00:00\",\"dateModified\":\"2021-05-28T15:06:25+00:00\",\"breadcrumb\":{\"@id\":\"https:\/\/oxygiene.pt\/loja\/product\/alca-de-suspensao-para-pistola-vp91\/#breadcrumb\"},\"inLanguage\":\"pt-PT\",\"potentialAction\":[{\"@type\":\"ReadAction\",\"target\":[\"https:\/\/oxygiene.pt\/loja\/product\/alca-de-suspensao-para-pistola-vp91\/\"]}]},{\"@type\":\"BreadcrumbList\",\"@id\":\"https:\/\/oxygiene.pt\/loja\/product\/alca-de-suspensao-para-pistola-vp91\/#breadcrumb\",\"itemListElement\":[{\"@type\":\"ListItem\",\"position\":1,\"item\":{\"@type\":\"WebPage\",\"@id\":\"https:\/\/oxygiene.pt\/loja\/\",\"url\":\"https:\/\/oxygiene.pt\/loja\/\",\"name\":\"In\\u00edcio\"}},{\"@type\":\"ListItem\",\"position\":2,\"item\":{\"@type\":\"WebPage\",\"@id\":\"https:\/\/oxygiene.pt\/loja\/?page_id=8\",\"url\":\"https:\/\/oxygiene.pt\/loja\/?page_id=8\",\"name\":\"Produtos_antigo\"}},{\"@type\":\"ListItem\",\"position\":3,\"item\":{\"@type\":\"WebPage\",\"@id\":\"https:\/\/oxygiene.pt\/loja\/product\/alca-de-suspensao-para-pistola-vp91\/\",\"url\":\"https:\/\/oxygiene.pt\/loja\/product\/alca-de-suspensao-para-pistola-vp91\/\",\"name\":\"Al\\u00e7a de Suspens\\u00e3o para Pistola VP91\"}}]}]}<\/script>\n<!-- \/ Yoast SEO plugin. -->","_links":{"self":[{"href":"https:\/\/oxygiene.pt\/loja\/wp-json\/wp\/v2\/product\/96"}],"collection":[{"href":"https:\/\/oxygiene.pt\/loja\/wp-json\/wp\/v2\/product"}],"about":[{"href":"https:\/\/oxygiene.pt\/loja\/wp-json\/wp\/v2\/types\/product"}],"replies":[{"embeddable":true,"href":"https:\/\/oxygiene.pt\/loja\/wp-json\/wp\/v2\/comments?post=96"}],"wp:featuredmedia":[{"embeddable":true,"href":"https:\/\/oxygiene.pt\/loja\/wp-json\/wp\/v2\/media\/98"}],"wp:attachment":[{"href":"https:\/\/oxygiene.pt\/loja\/wp-json\/wp\/v2\/media?parent=96"}],"curies":[{"name":"wp","href":"https:\/\/api.w.org\/{rel}","templated":true}]}}