{"id":74,"date":"2021-02-15T12:08:49","date_gmt":"2021-02-15T12:08:49","guid":{"rendered":"https:\/\/oxygiene.pt\/loja\/?post_type=product&#038;p=74"},"modified":"2024-06-29T13:04:37","modified_gmt":"2024-06-29T13:04:37","slug":"bateria-6800mah-16-8v-vp20b","status":"publish","type":"product","link":"https:\/\/oxygiene.pt\/loja\/product\/bateria-6800mah-16-8v-vp20b\/","title":{"rendered":"Bateria 6800mAh 16.8V VP20B"},"content":{"rendered":"","protected":false},"excerpt":{"rendered":"<p>Esta bateria de \u00edon-l\u00edtio de alta capacidade oferece-lhe uma dura\u00e7\u00e3o de 8 horas de pulveriza\u00e7\u00e3o ininterrupta e pode ser recarregada at\u00e9 800 vezes.<\/p>\n<p>Compat\u00edvel com Pistola VP200 e Mochila VP300<\/p>\n","protected":false},"featured_media":75,"comment_status":"open","ping_status":"closed","template":"","meta":[],"yoast_head":"<!-- This site is optimized with the Yoast SEO plugin v16.1.1 - https:\/\/yoast.com\/wordpress\/plugins\/seo\/ -->\n<title>Bateria 6800mAh 16.8V VP20B - Oxygiene<\/title>\n<link rel=\"canonical\" href=\"https:\/\/oxygiene.pt\/loja\/product\/bateria-6800mah-16-8v-vp20b\/\" \/>\n<meta property=\"og:locale\" content=\"pt_PT\" \/>\n<meta property=\"og:type\" content=\"article\" \/>\n<meta property=\"og:title\" content=\"Bateria 6800mAh 16.8V VP20B - Oxygiene\" \/>\n<meta property=\"og:description\" content=\"Esta bateria de \u00edon-l\u00edtio de alta capacidade oferece-lhe uma dura\u00e7\u00e3o de 8 horas de pulveriza\u00e7\u00e3o ininterrupta e pode ser recarregada at\u00e9 800 vezes.  Compat\u00edvel com Pistola VP200 e Mochila VP300\" \/>\n<meta property=\"og:url\" content=\"https:\/\/oxygiene.pt\/loja\/product\/bateria-6800mah-16-8v-vp20b\/\" \/>\n<meta property=\"og:site_name\" content=\"Oxygiene\" \/>\n<meta property=\"article:modified_time\" content=\"2024-06-29T13:04:37+00:00\" \/>\n<meta property=\"og:image\" content=\"https:\/\/oxygiene.pt\/loja\/wp-content\/uploads\/2021\/02\/Oxygiene-Produtos-Bateria-6800mAh-16.8V-VP20B.png\" \/>\n\t<meta property=\"og:image:width\" content=\"1000\" \/>\n\t<meta property=\"og:image:height\" content=\"1000\" \/>\n<meta name=\"twitter:card\" content=\"summary_large_image\" \/>\n<script type=\"application\/ld+json\" class=\"yoast-schema-graph\">{\"@context\":\"https:\/\/schema.org\",\"@graph\":[{\"@type\":\"WebSite\",\"@id\":\"https:\/\/oxygiene.pt\/loja\/#website\",\"url\":\"https:\/\/oxygiene.pt\/loja\/\",\"name\":\"Oxygiene\",\"description\":\"Solu\\u00e7\\u00f5es de desinfe\\u00e7\\u00e3o e limpeza\",\"potentialAction\":[{\"@type\":\"SearchAction\",\"target\":\"https:\/\/oxygiene.pt\/loja\/?s={search_term_string}\",\"query-input\":\"required name=search_term_string\"}],\"inLanguage\":\"pt-PT\"},{\"@type\":\"ImageObject\",\"@id\":\"https:\/\/oxygiene.pt\/loja\/product\/bateria-6800mah-16-8v-vp20b\/#primaryimage\",\"inLanguage\":\"pt-PT\",\"url\":\"https:\/\/oxygiene.pt\/loja\/wp-content\/uploads\/2021\/02\/Oxygiene-Produtos-Bateria-6800mAh-16.8V-VP20B.png\",\"contentUrl\":\"https:\/\/oxygiene.pt\/loja\/wp-content\/uploads\/2021\/02\/Oxygiene-Produtos-Bateria-6800mAh-16.8V-VP20B.png\",\"width\":1000,\"height\":1000,\"caption\":\"Oxygiene-Produtos-Bateria -6800mAh-16.8V VP20B\"},{\"@type\":\"WebPage\",\"@id\":\"https:\/\/oxygiene.pt\/loja\/product\/bateria-6800mah-16-8v-vp20b\/#webpage\",\"url\":\"https:\/\/oxygiene.pt\/loja\/product\/bateria-6800mah-16-8v-vp20b\/\",\"name\":\"Bateria 6800mAh 16.8V VP20B - Oxygiene\",\"isPartOf\":{\"@id\":\"https:\/\/oxygiene.pt\/loja\/#website\"},\"primaryImageOfPage\":{\"@id\":\"https:\/\/oxygiene.pt\/loja\/product\/bateria-6800mah-16-8v-vp20b\/#primaryimage\"},\"datePublished\":\"2021-02-15T12:08:49+00:00\",\"dateModified\":\"2024-06-29T13:04:37+00:00\",\"breadcrumb\":{\"@id\":\"https:\/\/oxygiene.pt\/loja\/product\/bateria-6800mah-16-8v-vp20b\/#breadcrumb\"},\"inLanguage\":\"pt-PT\",\"potentialAction\":[{\"@type\":\"ReadAction\",\"target\":[\"https:\/\/oxygiene.pt\/loja\/product\/bateria-6800mah-16-8v-vp20b\/\"]}]},{\"@type\":\"BreadcrumbList\",\"@id\":\"https:\/\/oxygiene.pt\/loja\/product\/bateria-6800mah-16-8v-vp20b\/#breadcrumb\",\"itemListElement\":[{\"@type\":\"ListItem\",\"position\":1,\"item\":{\"@type\":\"WebPage\",\"@id\":\"https:\/\/oxygiene.pt\/loja\/\",\"url\":\"https:\/\/oxygiene.pt\/loja\/\",\"name\":\"In\\u00edcio\"}},{\"@type\":\"ListItem\",\"position\":2,\"item\":{\"@type\":\"WebPage\",\"@id\":\"https:\/\/oxygiene.pt\/loja\/?page_id=8\",\"url\":\"https:\/\/oxygiene.pt\/loja\/?page_id=8\",\"name\":\"Produtos_antigo\"}},{\"@type\":\"ListItem\",\"position\":3,\"item\":{\"@type\":\"WebPage\",\"@id\":\"https:\/\/oxygiene.pt\/loja\/product\/bateria-6800mah-16-8v-vp20b\/\",\"url\":\"https:\/\/oxygiene.pt\/loja\/product\/bateria-6800mah-16-8v-vp20b\/\",\"name\":\"Bateria 6800mAh 16.8V VP20B\"}}]}]}<\/script>\n<!-- \/ Yoast SEO plugin. -->","_links":{"self":[{"href":"https:\/\/oxygiene.pt\/loja\/wp-json\/wp\/v2\/product\/74"}],"collection":[{"href":"https:\/\/oxygiene.pt\/loja\/wp-json\/wp\/v2\/product"}],"about":[{"href":"https:\/\/oxygiene.pt\/loja\/wp-json\/wp\/v2\/types\/product"}],"replies":[{"embeddable":true,"href":"https:\/\/oxygiene.pt\/loja\/wp-json\/wp\/v2\/comments?post=74"}],"wp:featuredmedia":[{"embeddable":true,"href":"https:\/\/oxygiene.pt\/loja\/wp-json\/wp\/v2\/media\/75"}],"wp:attachment":[{"href":"https:\/\/oxygiene.pt\/loja\/wp-json\/wp\/v2\/media?parent=74"}],"curies":[{"name":"wp","href":"https:\/\/api.w.org\/{rel}","templated":true}]}}