{"id":463,"date":"2021-03-05T12:16:23","date_gmt":"2021-03-05T12:16:23","guid":{"rendered":"https:\/\/oxygiene.pt\/loja\/?post_type=product&#038;p=463"},"modified":"2024-11-11T13:17:50","modified_gmt":"2024-11-11T13:17:50","slug":"kit-desinfecao-de-superficies-oxygiene-nano-special-edition-verde-agua","status":"publish","type":"product","link":"https:\/\/oxygiene.pt\/loja\/product\/kit-desinfecao-de-superficies-oxygiene-nano-special-edition-verde-agua\/","title":{"rendered":"Kit Desinfe\u00e7\u00e3o de Superf\u00edcies Oxygiene Nano Special Edition &#8211; Verde \u00c1gua"},"content":{"rendered":"<div style=\"width: 1200px;\" class=\"wp-video\"><!--[if lt IE 9]><script>document.createElement('video');<\/script><![endif]-->\n<video class=\"wp-video-shortcode\" id=\"video-463-1\" width=\"1200\" height=\"675\" preload=\"metadata\" controls=\"controls\"><source type=\"video\/mp4\" src=\"https:\/\/oxygiene.pt\/loja\/wp-content\/uploads\/2021\/03\/Nano_Oxygiene_final.mp4?_=1\" \/><a href=\"https:\/\/oxygiene.pt\/loja\/wp-content\/uploads\/2021\/03\/Nano_Oxygiene_final.mp4\">https:\/\/oxygiene.pt\/loja\/wp-content\/uploads\/2021\/03\/Nano_Oxygiene_final.mp4<\/a><\/video><\/div>\n<p>&nbsp;<\/p>\n<p>Trata-se de um sistema de nebuliza\u00e7\u00e3o capaz de desinfetar de forma r\u00e1pida e eficaz \u00edn\u00fameras superf\u00edcies e aplica\u00e7\u00f5es di\u00e1rias. Desde equipamentos elect\u00f3nicos (telem\u00f3veis, ratos e teclados, port\u00e1teis), a carrinhos de compras, puxadores de porta, chaves, e autom\u00f3veis, etc&#8230; O leque de possibilidades \u00e9 infinito.<\/p>\n<p>Agregamos a este nebulizador um flu\u00eddo biocida ecol\u00f3gico Anti Coronav\u00edrus. O Flu\u00eddo Control \u00e9 um poderoso desinfetante de alto espectro e de uma \u00fanica etapa que elimina mais de 100 patog\u00e9nicos ( virus, bact\u00e9rias e fungos) entre eles o Coronav\u00edrus. Este biocida ecol\u00f3gico cria assim uma pel\u00edclia protectora que &#8220;&#8221;blinda&#8221;&#8221; as superf\u00edcies contra novas contamina\u00e7\u00f5es por um per\u00edodo at\u00e9 30 dias.<\/p>\n","protected":false},"excerpt":{"rendered":"<p>O mais inovador sistema de desinfe\u00e7\u00e3o port\u00e1til do mercado.<br \/>\nCombata o Coronav\u00edrus e promova a seguran\u00e7a de todos os seus em qualquer ambiente.<\/p>\n<p>Este kit composto por nebulizador e flu\u00eddo biocida combate eficazmente o Coronav\u00edrus e tem um impacto ambiental nulo por conter produtos 100% ecol\u00f3gicos.<\/p>\n","protected":false},"featured_media":441,"comment_status":"open","ping_status":"closed","template":"","meta":[],"yoast_head":"<!-- This site is optimized with the Yoast SEO plugin v16.1.1 - https:\/\/yoast.com\/wordpress\/plugins\/seo\/ -->\n<title>Kit Desinfe\u00e7\u00e3o de Superf\u00edcies Oxygiene Nano Special Edition - Verde \u00c1gua - Oxygiene<\/title>\n<link rel=\"canonical\" href=\"https:\/\/oxygiene.pt\/loja\/product\/kit-desinfecao-de-superficies-oxygiene-nano-special-edition-verde-agua\/\" \/>\n<meta property=\"og:locale\" content=\"pt_PT\" \/>\n<meta property=\"og:type\" content=\"article\" \/>\n<meta property=\"og:title\" content=\"Kit Desinfe\u00e7\u00e3o de Superf\u00edcies Oxygiene Nano Special Edition - Verde \u00c1gua - Oxygiene\" \/>\n<meta property=\"og:description\" content=\"O mais inovador sistema de desinfe\u00e7\u00e3o port\u00e1til do mercado. Combata o Coronav\u00edrus e promova a seguran\u00e7a de todos os seus em qualquer ambiente.  Este kit composto por nebulizador e flu\u00eddo biocida combate eficazmente o Coronav\u00edrus e tem um impacto ambiental nulo por conter produtos 100% ecol\u00f3gicos.\" \/>\n<meta property=\"og:url\" content=\"https:\/\/oxygiene.pt\/loja\/product\/kit-desinfecao-de-superficies-oxygiene-nano-special-edition-verde-agua\/\" \/>\n<meta property=\"og:site_name\" content=\"Oxygiene\" \/>\n<meta property=\"article:modified_time\" content=\"2024-11-11T13:17:50+00:00\" \/>\n<meta property=\"og:image\" content=\"https:\/\/oxygiene.pt\/loja\/wp-content\/uploads\/2021\/02\/oxygiene-kit-nano-special-edition-4.jpg\" \/>\n\t<meta property=\"og:image:width\" content=\"600\" \/>\n\t<meta property=\"og:image:height\" content=\"600\" \/>\n<meta name=\"twitter:card\" content=\"summary_large_image\" \/>\n<meta name=\"twitter:label1\" content=\"Tempo estimado de leitura\">\n\t<meta name=\"twitter:data1\" content=\"1 minuto\">\n<script type=\"application\/ld+json\" class=\"yoast-schema-graph\">{\"@context\":\"https:\/\/schema.org\",\"@graph\":[{\"@type\":\"WebSite\",\"@id\":\"https:\/\/oxygiene.pt\/loja\/#website\",\"url\":\"https:\/\/oxygiene.pt\/loja\/\",\"name\":\"Oxygiene\",\"description\":\"Solu\\u00e7\\u00f5es de desinfe\\u00e7\\u00e3o e limpeza\",\"potentialAction\":[{\"@type\":\"SearchAction\",\"target\":\"https:\/\/oxygiene.pt\/loja\/?s={search_term_string}\",\"query-input\":\"required name=search_term_string\"}],\"inLanguage\":\"pt-PT\"},{\"@type\":\"ImageObject\",\"@id\":\"https:\/\/oxygiene.pt\/loja\/product\/kit-desinfecao-de-superficies-oxygiene-nano-special-edition-verde-agua\/#primaryimage\",\"inLanguage\":\"pt-PT\",\"url\":\"https:\/\/oxygiene.pt\/loja\/wp-content\/uploads\/2021\/02\/oxygiene-kit-nano-special-edition-4.jpg\",\"contentUrl\":\"https:\/\/oxygiene.pt\/loja\/wp-content\/uploads\/2021\/02\/oxygiene-kit-nano-special-edition-4.jpg\",\"width\":600,\"height\":600},{\"@type\":\"WebPage\",\"@id\":\"https:\/\/oxygiene.pt\/loja\/product\/kit-desinfecao-de-superficies-oxygiene-nano-special-edition-verde-agua\/#webpage\",\"url\":\"https:\/\/oxygiene.pt\/loja\/product\/kit-desinfecao-de-superficies-oxygiene-nano-special-edition-verde-agua\/\",\"name\":\"Kit Desinfe\\u00e7\\u00e3o de Superf\\u00edcies Oxygiene Nano Special Edition - Verde \\u00c1gua - Oxygiene\",\"isPartOf\":{\"@id\":\"https:\/\/oxygiene.pt\/loja\/#website\"},\"primaryImageOfPage\":{\"@id\":\"https:\/\/oxygiene.pt\/loja\/product\/kit-desinfecao-de-superficies-oxygiene-nano-special-edition-verde-agua\/#primaryimage\"},\"datePublished\":\"2021-03-05T12:16:23+00:00\",\"dateModified\":\"2024-11-11T13:17:50+00:00\",\"breadcrumb\":{\"@id\":\"https:\/\/oxygiene.pt\/loja\/product\/kit-desinfecao-de-superficies-oxygiene-nano-special-edition-verde-agua\/#breadcrumb\"},\"inLanguage\":\"pt-PT\",\"potentialAction\":[{\"@type\":\"ReadAction\",\"target\":[\"https:\/\/oxygiene.pt\/loja\/product\/kit-desinfecao-de-superficies-oxygiene-nano-special-edition-verde-agua\/\"]}]},{\"@type\":\"BreadcrumbList\",\"@id\":\"https:\/\/oxygiene.pt\/loja\/product\/kit-desinfecao-de-superficies-oxygiene-nano-special-edition-verde-agua\/#breadcrumb\",\"itemListElement\":[{\"@type\":\"ListItem\",\"position\":1,\"item\":{\"@type\":\"WebPage\",\"@id\":\"https:\/\/oxygiene.pt\/loja\/\",\"url\":\"https:\/\/oxygiene.pt\/loja\/\",\"name\":\"In\\u00edcio\"}},{\"@type\":\"ListItem\",\"position\":2,\"item\":{\"@type\":\"WebPage\",\"@id\":\"https:\/\/oxygiene.pt\/loja\/?page_id=8\",\"url\":\"https:\/\/oxygiene.pt\/loja\/?page_id=8\",\"name\":\"Produtos_antigo\"}},{\"@type\":\"ListItem\",\"position\":3,\"item\":{\"@type\":\"WebPage\",\"@id\":\"https:\/\/oxygiene.pt\/loja\/product\/kit-desinfecao-de-superficies-oxygiene-nano-special-edition-verde-agua\/\",\"url\":\"https:\/\/oxygiene.pt\/loja\/product\/kit-desinfecao-de-superficies-oxygiene-nano-special-edition-verde-agua\/\",\"name\":\"Kit Desinfe\\u00e7\\u00e3o de Superf\\u00edcies Oxygiene Nano Special Edition &#8211; Verde \\u00c1gua\"}}]}]}<\/script>\n<!-- \/ Yoast SEO plugin. -->","_links":{"self":[{"href":"https:\/\/oxygiene.pt\/loja\/wp-json\/wp\/v2\/product\/463"}],"collection":[{"href":"https:\/\/oxygiene.pt\/loja\/wp-json\/wp\/v2\/product"}],"about":[{"href":"https:\/\/oxygiene.pt\/loja\/wp-json\/wp\/v2\/types\/product"}],"replies":[{"embeddable":true,"href":"https:\/\/oxygiene.pt\/loja\/wp-json\/wp\/v2\/comments?post=463"}],"wp:featuredmedia":[{"embeddable":true,"href":"https:\/\/oxygiene.pt\/loja\/wp-json\/wp\/v2\/media\/441"}],"wp:attachment":[{"href":"https:\/\/oxygiene.pt\/loja\/wp-json\/wp\/v2\/media?parent=463"}],"curies":[{"name":"wp","href":"https:\/\/api.w.org\/{rel}","templated":true}]}}