{"id":363,"date":"2021-02-25T14:31:24","date_gmt":"2021-02-25T14:31:24","guid":{"rendered":"https:\/\/oxygiene.pt\/loja\/?post_type=product&#038;p=363"},"modified":"2023-03-08T08:10:05","modified_gmt":"2023-03-08T08:10:05","slug":"desumidificador-trotec-ttk-28-e","status":"publish","type":"product","link":"https:\/\/oxygiene.pt\/loja\/product\/desumidificador-trotec-ttk-28-e\/","title":{"rendered":"Desumidificador TROTEC TTK 28 E"},"content":{"rendered":"<p>Gra\u00e7as \u00e0s suas dimens\u00f5es compactas, o desumidificador TTK 28 E tem sempre um lugar na sala por muito pequena que seja, e a\u00ed faz bem seu trabalho. Por exemplo, de forma confi\u00e1vel, mant\u00e9m secas as \u00e1reas de estar e de escrit\u00f3rio de at\u00e9 15 m\u00b2 &#8211; com um desempenho de desumidifica\u00e7\u00e3o di\u00e1rio de at\u00e9 10 litros.<\/p>\n<p>Uma janela tipo &#8220;vigia&#8221; permite uma vis\u00e3o clara do reservat\u00f3rio de \u00e1gua para que voc\u00ea possa ver o n\u00edvel de enchimento a qualquer momento. Disp\u00f5e igualmente de uma l\u00e2mpada de aviso de n\u00edvel quando o reservat\u00f3rio de \u00e1gua est\u00e1 cheio, e uma prote\u00e7\u00e3o contra transbordar atrav\u00e9s do sistema de desligar autom\u00e1tico.<\/p>\n<p>CARACTER\u00cdSTICAS T\u00c9CNICAS:<\/p>\n<p>&#8211; Capacidade de desumidifica\u00e7\u00e3o max.: 10 Litros\/24h<\/p>\n<p>&#8211; Fluxo de ar: 100 m\u00b3\/h<\/p>\n<p>&#8211; Adequados para locais de at\u00e9: 15 m\u00b2 \/ 37 m\u00b3<\/p>\n<p>&#8211; Temperatura de funcionamento: 5 a 32 \u00b0C<\/p>\n<p>&#8211; Humidade de funcionamento: 35 at\u00e9 85 % de humidade relativa<\/p>\n<p>&#8211; Consumo de energia: 0.33 kW<\/p>\n<p>&#8211; Capacidade do reservat\u00f3rio: 2 Litros<\/p>\n<p>&#8211; N\u00edvel de ru\u00eddo a 1 metro: 44 dB (A)<\/p>\n<p>&#8211; Dimens\u00f5es (LxCxA): 312 x 243 x 417 mm<\/p>\n<p>&#8211; Peso: 11 kg<\/p>\n<p>VANTAGENS E BENEF\u00cdCIOS:<\/p>\n<p>&#8211; Desumidifica\u00e7\u00e3o autom\u00e1tica controlada por higr\u00f3stato com pr\u00e9-sele\u00e7\u00e3o do valor-alvo entre 40 e 60% de humidade relativa em incrementos de 10%<\/p>\n<p>&#8211; Assim que o valor de humidade desejado for atingido, o compressor ser\u00e1 desligado automaticamente. O ventilador continua funcionando. O visor permanece ligado. Se excedido, o aparelho \u00e9 ativado automaticamente.<\/p>\n<p>&#8211; Painel de controle de LED<\/p>\n<p>&#8211; Modo permanente<\/p>\n<p>&#8211; Fun\u00e7\u00e3o de rein\u00edcio autom\u00e1tico para uso com um timer externo<\/p>\n<p>&#8211; Filtro de ar facilmente acess\u00edvel, f\u00e1cil de limpar. Filtra pelos, fiapos, cot\u00e3o, poeira e impede o crescimento bacteriano.<\/p>\n<p>&#8211; Luz de aviso de n\u00edvel quando o reservat\u00f3rio de \u00e1gua est\u00e1 cheio<\/p>\n<p>&#8211; Prote\u00e7\u00e3o contra transbordamento com a fun\u00e7\u00e3o de desligar autom\u00e1tico<\/p>\n<p>&#8211; Degelo autom\u00e1tico do ar<\/p>\n<p>&#8211; Conex\u00e3o para dreno externo de condensado<\/p>\n<p>&#8211; Aparelho muito compacto e leve em sua classe de desempenho<\/p>\n<p>&#8211; Fixa\u00e7\u00e3o de conector integrado<\/p>\n<p>&nbsp;<\/p>\n<p>Eficaz e simples<\/p>\n<p>O aparelho tamb\u00e9m possui uma desumidifica\u00e7\u00e3o autom\u00e1tica controlada por higr\u00f3stato. Al\u00e9m disso, um valor fixo de humidade \u00e9 previamente escolhido como valor-alvo. A faixa de configura\u00e7\u00e3o est\u00e1 entre 40 e 60% de humidade relativa, em etapas de 10%. Se o valor for excedido, o desumidificador \u00e9 ativado automaticamente e desliga-se novamente de modo autom\u00e1tico assim que o valor desejado \u00e9 atingido &#8211; o que faz com que se economize energia.<\/p>\n<p>&nbsp;<\/p>\n<p>Pequeno com desempenho surpreendentemente excelente<\/p>\n<p>O TTK 28 E oferece recursos convenientes como o filtro de ar lav\u00e1vel. Um suporte para cabos e liga\u00e7\u00f5es bem como a al\u00e7a de transporte retr\u00e1til e pr\u00e1tica e as rodas direcion\u00e1veis facilitam a movimenta\u00e7\u00e3o de uma sala para outra. Todas as fun\u00e7\u00f5es podem ser definidas r\u00e1pida e facilmente no painel de controle claro e intuitivo.<\/p>\n<p>O Desumidificador TTK 28 E tamb\u00e9m pode ser operado sem vigil\u00e2ncia gra\u00e7as a uma conex\u00e3o de drenagem integrada &#8211; a solu\u00e7\u00e3o ideal para uso a longo prazo, por exemplo, em salas de hobby ou apartamentos onde o reservat\u00f3rio n\u00e3o pode ser esvaziado regularmente.<\/p>\n<p>&nbsp;<\/p>\n<p>Secagem suave de roupas com desumidificadores de ar<\/p>\n<p>Al\u00e9m da desumidifica\u00e7\u00e3o do ar ambiente, um desumidificador pode ser usado convenientemente para secar roupas &#8211; como um suporte ou como um substituto completo para uma secadora convencional. A fun\u00e7\u00e3o de secagem da roupa (ou modo de secagem de t\u00eaxteis ou fun\u00e7\u00e3o SuperDry) \u00e9 compar\u00e1vel \u00e0 secagem tradicional ao ar livre.<\/p>\n<p>Os desumidificadores t\u00eam a vantagem de a roupa ser seca suavemente como na natureza. As cores permanecem brilhantes e as roupas t\u00eam uma vida \u00fatil mais longa do que as secadoras de roupa convencionais e com um consumo de energia significativamente menor.<\/p>\n<p>Al\u00e9m disso, materiais sens\u00edveis como l\u00e3, seda ou fibras sint\u00e9ticas tamb\u00e9m podem ser secos sem hesita\u00e7\u00e3o. Em contraste com a secagem ao ar puro, a roupa \u00e9 muito mais macia e mais confort\u00e1vel de usar na pele.<\/p>\n<p>Tamb\u00e9m \u00e9 poss\u00edvel secar roupas com desumidificadores de ar sem uma fun\u00e7\u00e3o de secagem de roupas. O valor alvo da humidade do ar deve ent\u00e3o ser definido de acordo com a humidade residual desejada:<\/p>\n<p>&#8211; Seco para arm\u00e1rios: 46% de humidade relativa<\/p>\n<p>&#8211; Humidade de engomar: 58% de humidade relativa<\/p>\n<p>&#8211; Parcialmente seco: 65% de humidade relativa<\/p>\n<p>&nbsp;<\/p>\n<p>Prote\u00e7\u00e3o do Meio Ambiente : Propano (R290) como refrigerante ecol\u00f3gico em desumidificadores<\/p>\n<p>Todos os anos, os refrigerantes sint\u00e9ticos liberam no ar v\u00e1rios milh\u00f5es de toneladas de emiss\u00f5es de CO2 prejudiciais ao meio ambiente (gases de efeito estufa). Portanto, o uso de refrigerantes alternativos \u00e9 um dos nossos principais objetivos. Com o uso de propano (R290) como refrigerante, este desumidificador d\u00e1 uma contribui\u00e7\u00e3o valiosa para a prote\u00e7\u00e3o do clima.<\/p>\n<p>O propano como refrigerante natural (R290) \u00e9 um composto org\u00e2nico e pertence aos hidrocarbonetos. Em contraste com os refrigerantes sint\u00e9ticos, o propano ambientalmente amig\u00e1vel (R290) n\u00e3o tem potencial de deple\u00e7\u00e3o de oz\u00f4nio (ODP = 0) nem um efeito estufa significativo (GWP = 3).<\/p>\n<p>Benef\u00edcios ambientais adicionais: devido \u00e0s suas excelentes propriedades termodin\u00e2micas, o propano (R290) \u00e9 um refrigerante particularmente eficiente em termos de energia e, portanto, reduz adicionalmente seus custos de energia.<\/p>\n","protected":false},"excerpt":{"rendered":"<p>Design com economia de espa\u00e7o, opera\u00e7\u00e3o simples e fun\u00e7\u00f5es convincentes<\/p>\n<p>T\u00e3o pequeno que cabe em qualquer lugar. T\u00e3o leve que pode ser usado com flexibilidade. T\u00e3o bem equipado que domina todos os requisitos. O TTK 28 E foi desenvolvido especialmente para pequenas salas aquecidas &#8211; e convence com \u00f3timo desempenho.<\/p>\n","protected":false},"featured_media":366,"comment_status":"open","ping_status":"closed","template":"","meta":[],"yoast_head":"<!-- This site is optimized with the Yoast SEO plugin v16.1.1 - https:\/\/yoast.com\/wordpress\/plugins\/seo\/ -->\n<title>Desumidificador TROTEC TTK 28 E - Oxygiene<\/title>\n<link rel=\"canonical\" href=\"https:\/\/oxygiene.pt\/loja\/product\/desumidificador-trotec-ttk-28-e\/\" \/>\n<meta property=\"og:locale\" content=\"pt_PT\" \/>\n<meta property=\"og:type\" content=\"article\" \/>\n<meta property=\"og:title\" content=\"Desumidificador TROTEC TTK 28 E - Oxygiene\" \/>\n<meta property=\"og:description\" content=\"Design com economia de espa\u00e7o, opera\u00e7\u00e3o simples e fun\u00e7\u00f5es convincentes  T\u00e3o pequeno que cabe em qualquer lugar. T\u00e3o leve que pode ser usado com flexibilidade. T\u00e3o bem equipado que domina todos os requisitos. O TTK 28 E foi desenvolvido especialmente para pequenas salas aquecidas - e convence com \u00f3timo desempenho.\" \/>\n<meta property=\"og:url\" content=\"https:\/\/oxygiene.pt\/loja\/product\/desumidificador-trotec-ttk-28-e\/\" \/>\n<meta property=\"og:site_name\" content=\"Oxygiene\" \/>\n<meta property=\"article:modified_time\" content=\"2023-03-08T08:10:05+00:00\" \/>\n<meta property=\"og:image\" content=\"https:\/\/oxygiene.pt\/loja\/wp-content\/uploads\/2021\/02\/DESUMIDIFICADOR-TROTEC-TTK28_2.jpg\" \/>\n\t<meta property=\"og:image:width\" content=\"1000\" \/>\n\t<meta property=\"og:image:height\" content=\"1000\" \/>\n<meta name=\"twitter:card\" content=\"summary_large_image\" \/>\n<meta name=\"twitter:label1\" content=\"Tempo estimado de leitura\">\n\t<meta name=\"twitter:data1\" content=\"4 minutos\">\n<script type=\"application\/ld+json\" class=\"yoast-schema-graph\">{\"@context\":\"https:\/\/schema.org\",\"@graph\":[{\"@type\":\"WebSite\",\"@id\":\"https:\/\/oxygiene.pt\/loja\/#website\",\"url\":\"https:\/\/oxygiene.pt\/loja\/\",\"name\":\"Oxygiene\",\"description\":\"Solu\\u00e7\\u00f5es de desinfe\\u00e7\\u00e3o e limpeza\",\"potentialAction\":[{\"@type\":\"SearchAction\",\"target\":\"https:\/\/oxygiene.pt\/loja\/?s={search_term_string}\",\"query-input\":\"required name=search_term_string\"}],\"inLanguage\":\"pt-PT\"},{\"@type\":\"ImageObject\",\"@id\":\"https:\/\/oxygiene.pt\/loja\/product\/desumidificador-trotec-ttk-28-e\/#primaryimage\",\"inLanguage\":\"pt-PT\",\"url\":\"https:\/\/oxygiene.pt\/loja\/wp-content\/uploads\/2021\/02\/DESUMIDIFICADOR-TROTEC-TTK28_2.jpg\",\"contentUrl\":\"https:\/\/oxygiene.pt\/loja\/wp-content\/uploads\/2021\/02\/DESUMIDIFICADOR-TROTEC-TTK28_2.jpg\",\"width\":1000,\"height\":1000},{\"@type\":\"WebPage\",\"@id\":\"https:\/\/oxygiene.pt\/loja\/product\/desumidificador-trotec-ttk-28-e\/#webpage\",\"url\":\"https:\/\/oxygiene.pt\/loja\/product\/desumidificador-trotec-ttk-28-e\/\",\"name\":\"Desumidificador TROTEC TTK 28 E - Oxygiene\",\"isPartOf\":{\"@id\":\"https:\/\/oxygiene.pt\/loja\/#website\"},\"primaryImageOfPage\":{\"@id\":\"https:\/\/oxygiene.pt\/loja\/product\/desumidificador-trotec-ttk-28-e\/#primaryimage\"},\"datePublished\":\"2021-02-25T14:31:24+00:00\",\"dateModified\":\"2023-03-08T08:10:05+00:00\",\"breadcrumb\":{\"@id\":\"https:\/\/oxygiene.pt\/loja\/product\/desumidificador-trotec-ttk-28-e\/#breadcrumb\"},\"inLanguage\":\"pt-PT\",\"potentialAction\":[{\"@type\":\"ReadAction\",\"target\":[\"https:\/\/oxygiene.pt\/loja\/product\/desumidificador-trotec-ttk-28-e\/\"]}]},{\"@type\":\"BreadcrumbList\",\"@id\":\"https:\/\/oxygiene.pt\/loja\/product\/desumidificador-trotec-ttk-28-e\/#breadcrumb\",\"itemListElement\":[{\"@type\":\"ListItem\",\"position\":1,\"item\":{\"@type\":\"WebPage\",\"@id\":\"https:\/\/oxygiene.pt\/loja\/\",\"url\":\"https:\/\/oxygiene.pt\/loja\/\",\"name\":\"In\\u00edcio\"}},{\"@type\":\"ListItem\",\"position\":2,\"item\":{\"@type\":\"WebPage\",\"@id\":\"https:\/\/oxygiene.pt\/loja\/?page_id=8\",\"url\":\"https:\/\/oxygiene.pt\/loja\/?page_id=8\",\"name\":\"Produtos_antigo\"}},{\"@type\":\"ListItem\",\"position\":3,\"item\":{\"@type\":\"WebPage\",\"@id\":\"https:\/\/oxygiene.pt\/loja\/product\/desumidificador-trotec-ttk-28-e\/\",\"url\":\"https:\/\/oxygiene.pt\/loja\/product\/desumidificador-trotec-ttk-28-e\/\",\"name\":\"Desumidificador TROTEC TTK 28 E\"}}]}]}<\/script>\n<!-- \/ Yoast SEO plugin. -->","_links":{"self":[{"href":"https:\/\/oxygiene.pt\/loja\/wp-json\/wp\/v2\/product\/363"}],"collection":[{"href":"https:\/\/oxygiene.pt\/loja\/wp-json\/wp\/v2\/product"}],"about":[{"href":"https:\/\/oxygiene.pt\/loja\/wp-json\/wp\/v2\/types\/product"}],"replies":[{"embeddable":true,"href":"https:\/\/oxygiene.pt\/loja\/wp-json\/wp\/v2\/comments?post=363"}],"wp:featuredmedia":[{"embeddable":true,"href":"https:\/\/oxygiene.pt\/loja\/wp-json\/wp\/v2\/media\/366"}],"wp:attachment":[{"href":"https:\/\/oxygiene.pt\/loja\/wp-json\/wp\/v2\/media?parent=363"}],"curies":[{"name":"wp","href":"https:\/\/api.w.org\/{rel}","templated":true}]}}