{"id":147,"date":"2021-02-16T12:14:57","date_gmt":"2021-02-16T12:14:57","guid":{"rendered":"https:\/\/oxygiene.pt\/loja\/?post_type=product&#038;p=147"},"modified":"2021-10-21T18:10:37","modified_gmt":"2021-10-21T18:10:37","slug":"desumidificador-trotec-ttk-71-e","status":"publish","type":"product","link":"https:\/\/oxygiene.pt\/loja\/product\/desumidificador-trotec-ttk-71-e\/","title":{"rendered":"Desumidificador TROTEC TTK 71 E"},"content":{"rendered":"<p>Caracter\u00edsticas T\u00e9cnicas:<br \/>\n&#8211; Capacidade de desumidifica\u00e7\u00e3o max.: 24 Litros\/24h<br \/>\n&#8211; Fluxo de ar: 180 m\u00b3\/h<br \/>\n&#8211; Adequados para locais de at\u00e9: 50 m\u00b2 \/ 125 m\u00b3<br \/>\n&#8211; Temperatura de funcionamento: 5 a 32 \u00b0C<br \/>\n&#8211; Humidade de funcionamento: 30 at\u00e9 90 % de humidade relativa<br \/>\n&#8211; Consumo de energia: 0,42 kW<br \/>\n&#8211; Capacidade do reservat\u00f3rio: 2.3 Litros<br \/>\n&#8211; N\u00edvel de ru\u00eddo a 1 metro: 48 dB (A)<br \/>\n&#8211; Dimens\u00f5es (LxCxA): 350 x 220 x 550 mm<br \/>\n&#8211; Peso: 13 kg<\/p>\n<p>Tecnologia moderna, opera\u00e7\u00e3o simples e fun\u00e7\u00f5es convenientes<br \/>\nCom seu design elegante e intemporal, este desumidificador integra-se harmoniosamente em qualquer ambiente de casa e de trabalho. Mas o TTK 71 E n\u00e3o \u00e9 impressionante somente pela sua apar\u00eancia, as o seu desempenho e caracter\u00edsticas s\u00e3o tamb\u00e9m s\u00e3o \u00fanicas.<br \/>\nA moderna tecnologia de desumidifica\u00e7\u00e3o do ar com controle eletr\u00f3nico de higrostato e descongelamento autom\u00e1tico, ventilador flex\u00edvel de dois est\u00e1gios, fun\u00e7\u00e3o de temporizador e display digital com pr\u00e9-sele\u00e7\u00e3o de valor da humidade garantem uma conserva\u00e7\u00e3o eficiente de salas de estar, escrit\u00f3rios ou s\u00f3t\u00e3os, atrav\u00e9s do modo de desumidifica\u00e7\u00e3o autom\u00e1tico.<br \/>\nOs p\u00e9s de borracha antiderrapantes do TTK 71 E n\u00e3o s\u00f3 oferecem um suporte seguro, mas tamb\u00e9m reduzem os ru\u00eddos operacionais relacionados \u00e0 vibra\u00e7\u00e3o para uma desumidifica\u00e7\u00e3o do ar agradavelmente silenciosa em seus quartos.<\/p>\n<p>Eficaz e simples<br \/>\nO dispositivo tamb\u00e9m possui um sistema de desumidifica\u00e7\u00e3o autom\u00e1tica controlado por higrostato, bastando para tal introduzir um valor de humidade pretendido. A faixa de configura\u00e7\u00e3o est\u00e1 entre 30 e 80% de humidade relativa em grada\u00e7\u00e3o de 10%. Se o valor for ultrapassado, o desumidificador \u00e9 acionado automaticamente e desliga-se novamente para economizar energia assim que o valor-alvo desejado for alcan\u00e7ado.<\/p>\n<p>Desumidifica\u00e7\u00e3o do ar com conforto<br \/>\nO Desumidificador TTK 71E pode tamb\u00e9m ser utilizado em ambientes onde o esvaziamento manual e regular do reservat\u00f3rio de \u00e1gua nem sempre \u00e9 poss\u00edvel. Por exemplo, durante a secagem permanente e sem vigil\u00e2ncia em quartos aquecidos ou apartamentos de f\u00e9rias. Para isso, est\u00e1 integrada uma conex\u00e3o separada no TTK 71 E, por meio da qual a agua pode ser conduzida diretamente para um esgoto por meio de uma mangueira.<\/p>\n<p>Secagem suave de roupas com desumidificadores de ar<br \/>\nAl\u00e9m da desumidifica\u00e7\u00e3o do ar ambiente, um desumidificador pode ser usado convenientemente para secar roupas &#8211; como um suporte ou como um substituto completo para uma secadora convencional. A fun\u00e7\u00e3o de secagem da roupa (ou modo de secagem de t\u00eaxteis ou fun\u00e7\u00e3o SuperDry) \u00e9 compar\u00e1vel \u00e0 secagem tradicional ao ar livre.<br \/>\nOs desumidificadores t\u00eam a vantagem de a roupa ser seca suavemente como na natureza. As cores permanecem brilhantes e as roupas t\u00eam uma vida \u00fatil mais longa do que as secadoras de roupa convencionais e com um consumo de energia significativamente menor.<br \/>\nAl\u00e9m disso, materiais sens\u00edveis como l\u00e3, seda ou fibras sint\u00e9ticas tamb\u00e9m podem ser secos sem hesita\u00e7\u00e3o. Em contraste com a secagem ao ar puro, a roupa \u00e9 muito mais macia e mais confort\u00e1vel de usar na pele.<br \/>\nTamb\u00e9m \u00e9 poss\u00edvel secar roupas com desumidificadores de ar sem uma fun\u00e7\u00e3o de secagem de roupas. O valor alvo da humidade do ar deve ent\u00e3o ser definido de acordo com a humidade residual desejada.<br \/>\n&#8211; Seco para arm\u00e1rios:\u00a046% de Humidade relativa<br \/>\n&#8211; Humidade de engomar:\u00a058% de humidade relativa<br \/>\n&#8211; Parcialmente seco:\u00a065% de humidade relativa<\/p>\n<p>Vantagens para a pr\u00e1tica:<br \/>\n&#8211; Desumidifica\u00e7\u00e3o autom\u00e1tica controlada por higrostato com pr\u00e9-sele\u00e7\u00e3o do valor humidade objetivo entre 30 e 80% r.h. em gradientes de 10%<br \/>\n&#8211; Assim que o n\u00edvel de humidade desejado for alcan\u00e7ado, o compressor desliga-se. O display permanece ligado. Se o limite for excedido, o dispositivo ser\u00e1 ativado automaticamente.<br \/>\n&#8211; Painel de controle de tecla de membrana com LED<br \/>\n&#8211; Modo permanente<br \/>\n&#8211; Fun\u00e7\u00e3o de temporizador com tempo de desligamento pr\u00e9-selecion\u00e1vel<br \/>\n&#8211; Filtro de ar facilmente acess\u00edvel, f\u00e1cil de limpar. Filtra p\u00ealos de animais, fiapos, penugem, poeira e previne o crescimento de bact\u00e9rias.<br \/>\n&#8211; Luz de aviso de n\u00edvel quando o tanque de \u00e1gua est\u00e1 cheio<br \/>\n&#8211; Prote\u00e7\u00e3o contra transbordamento com desligamento autom\u00e1tico<br \/>\n&#8211; Descongelamento de ar circulante autom\u00e1tico<br \/>\n&#8211; Conex\u00e3o para dreno de \u00e1gua externo<\/p>\n<p>Prote\u00e7\u00e3o do Meio Ambiente : Propano (R290) como refrigerante ecol\u00f3gico em desumidificadores<br \/>\nTodos os anos, os refrigerantes sint\u00e9ticos liberam no ar v\u00e1rios milh\u00f5es de toneladas de emiss\u00f5es de CO2 prejudiciais ao meio ambiente (gases de efeito estufa). Portanto, o uso de refrigerantes alternativos \u00e9 um dos nossos principais objetivos. Com o uso de propano (R290) como refrigerante, este desumidificador d\u00e1 uma contribui\u00e7\u00e3o valiosa para a prote\u00e7\u00e3o do clima.<br \/>\nO propano como refrigerante natural (R290) \u00e9 um composto org\u00e2nico e pertence aos hidrocarbonetos. Em contraste com os refrigerantes sint\u00e9ticos, o propano ambientalmente amig\u00e1vel (R290) n\u00e3o tem potencial de deple\u00e7\u00e3o de ozono (ODP = 0) nem um efeito estufa significativo (GWP = 3).<br \/>\nBenef\u00edcios ambientais adicionais: devido \u00e0s suas excelentes propriedades termodin\u00e2micas, o propano (R290) \u00e9 um refrigerante particularmente eficiente em termos de energia e, portanto, reduz adicionalmente seus custos de energia.<\/p>\n","protected":false},"excerpt":{"rendered":"<p>O TTK 71E tem uma capacidade m\u00e1xima de desumidifica\u00e7\u00e3o de 24 litros por dia. Gra\u00e7as a um design compacto e atraente, \u00e9 ideal para espa\u00e7os de m\u00e9dia dimens\u00e3o.<\/p>\n","protected":false},"featured_media":148,"comment_status":"open","ping_status":"closed","template":"","meta":[],"yoast_head":"<!-- This site is optimized with the Yoast SEO plugin v16.1.1 - https:\/\/yoast.com\/wordpress\/plugins\/seo\/ -->\n<title>Desumidificador TROTEC TTK 71 E - Oxygiene<\/title>\n<link rel=\"canonical\" href=\"https:\/\/oxygiene.pt\/loja\/product\/desumidificador-trotec-ttk-71-e\/\" \/>\n<meta property=\"og:locale\" content=\"pt_PT\" \/>\n<meta property=\"og:type\" content=\"article\" \/>\n<meta property=\"og:title\" content=\"Desumidificador TROTEC TTK 71 E - Oxygiene\" \/>\n<meta property=\"og:description\" content=\"O TTK 71E tem uma capacidade m\u00e1xima de desumidifica\u00e7\u00e3o de 24 litros por dia. Gra\u00e7as a um design compacto e atraente, \u00e9 ideal para espa\u00e7os de m\u00e9dia dimens\u00e3o.\" \/>\n<meta property=\"og:url\" content=\"https:\/\/oxygiene.pt\/loja\/product\/desumidificador-trotec-ttk-71-e\/\" \/>\n<meta property=\"og:site_name\" content=\"Oxygiene\" \/>\n<meta property=\"article:modified_time\" content=\"2021-10-21T18:10:37+00:00\" \/>\n<meta property=\"og:image\" content=\"https:\/\/oxygiene.pt\/loja\/wp-content\/uploads\/2021\/02\/Desumidificador-TROTEC-TTK-71-E.jpg\" \/>\n\t<meta property=\"og:image:width\" content=\"1000\" \/>\n\t<meta property=\"og:image:height\" content=\"1000\" \/>\n<meta name=\"twitter:card\" content=\"summary_large_image\" \/>\n<meta name=\"twitter:label1\" content=\"Tempo estimado de leitura\">\n\t<meta name=\"twitter:data1\" content=\"4 minutos\">\n<script type=\"application\/ld+json\" class=\"yoast-schema-graph\">{\"@context\":\"https:\/\/schema.org\",\"@graph\":[{\"@type\":\"WebSite\",\"@id\":\"https:\/\/oxygiene.pt\/loja\/#website\",\"url\":\"https:\/\/oxygiene.pt\/loja\/\",\"name\":\"Oxygiene\",\"description\":\"Solu\\u00e7\\u00f5es de desinfe\\u00e7\\u00e3o e limpeza\",\"potentialAction\":[{\"@type\":\"SearchAction\",\"target\":\"https:\/\/oxygiene.pt\/loja\/?s={search_term_string}\",\"query-input\":\"required name=search_term_string\"}],\"inLanguage\":\"pt-PT\"},{\"@type\":\"ImageObject\",\"@id\":\"https:\/\/oxygiene.pt\/loja\/product\/desumidificador-trotec-ttk-71-e\/#primaryimage\",\"inLanguage\":\"pt-PT\",\"url\":\"https:\/\/oxygiene.pt\/loja\/wp-content\/uploads\/2021\/02\/Desumidificador-TROTEC-TTK-71-E.jpg\",\"contentUrl\":\"https:\/\/oxygiene.pt\/loja\/wp-content\/uploads\/2021\/02\/Desumidificador-TROTEC-TTK-71-E.jpg\",\"width\":1000,\"height\":1000,\"caption\":\"Desumidificador TROTEC TTK 71 E\"},{\"@type\":\"WebPage\",\"@id\":\"https:\/\/oxygiene.pt\/loja\/product\/desumidificador-trotec-ttk-71-e\/#webpage\",\"url\":\"https:\/\/oxygiene.pt\/loja\/product\/desumidificador-trotec-ttk-71-e\/\",\"name\":\"Desumidificador TROTEC TTK 71 E - Oxygiene\",\"isPartOf\":{\"@id\":\"https:\/\/oxygiene.pt\/loja\/#website\"},\"primaryImageOfPage\":{\"@id\":\"https:\/\/oxygiene.pt\/loja\/product\/desumidificador-trotec-ttk-71-e\/#primaryimage\"},\"datePublished\":\"2021-02-16T12:14:57+00:00\",\"dateModified\":\"2021-10-21T18:10:37+00:00\",\"breadcrumb\":{\"@id\":\"https:\/\/oxygiene.pt\/loja\/product\/desumidificador-trotec-ttk-71-e\/#breadcrumb\"},\"inLanguage\":\"pt-PT\",\"potentialAction\":[{\"@type\":\"ReadAction\",\"target\":[\"https:\/\/oxygiene.pt\/loja\/product\/desumidificador-trotec-ttk-71-e\/\"]}]},{\"@type\":\"BreadcrumbList\",\"@id\":\"https:\/\/oxygiene.pt\/loja\/product\/desumidificador-trotec-ttk-71-e\/#breadcrumb\",\"itemListElement\":[{\"@type\":\"ListItem\",\"position\":1,\"item\":{\"@type\":\"WebPage\",\"@id\":\"https:\/\/oxygiene.pt\/loja\/\",\"url\":\"https:\/\/oxygiene.pt\/loja\/\",\"name\":\"In\\u00edcio\"}},{\"@type\":\"ListItem\",\"position\":2,\"item\":{\"@type\":\"WebPage\",\"@id\":\"https:\/\/oxygiene.pt\/loja\/?page_id=8\",\"url\":\"https:\/\/oxygiene.pt\/loja\/?page_id=8\",\"name\":\"Produtos_antigo\"}},{\"@type\":\"ListItem\",\"position\":3,\"item\":{\"@type\":\"WebPage\",\"@id\":\"https:\/\/oxygiene.pt\/loja\/product\/desumidificador-trotec-ttk-71-e\/\",\"url\":\"https:\/\/oxygiene.pt\/loja\/product\/desumidificador-trotec-ttk-71-e\/\",\"name\":\"Desumidificador TROTEC TTK 71 E\"}}]}]}<\/script>\n<!-- \/ Yoast SEO plugin. -->","_links":{"self":[{"href":"https:\/\/oxygiene.pt\/loja\/wp-json\/wp\/v2\/product\/147"}],"collection":[{"href":"https:\/\/oxygiene.pt\/loja\/wp-json\/wp\/v2\/product"}],"about":[{"href":"https:\/\/oxygiene.pt\/loja\/wp-json\/wp\/v2\/types\/product"}],"replies":[{"embeddable":true,"href":"https:\/\/oxygiene.pt\/loja\/wp-json\/wp\/v2\/comments?post=147"}],"wp:featuredmedia":[{"embeddable":true,"href":"https:\/\/oxygiene.pt\/loja\/wp-json\/wp\/v2\/media\/148"}],"wp:attachment":[{"href":"https:\/\/oxygiene.pt\/loja\/wp-json\/wp\/v2\/media?parent=147"}],"curies":[{"name":"wp","href":"https:\/\/api.w.org\/{rel}","templated":true}]}}